t the prime factors of 97221760.
2, 5, 151909
What are the prime factors of 5154372322?
2, 11, 227, 281, 3673
List the prime factors of 355675642.
2, 7, 373, 68111
List the prime factors of 79779397.
79779397
What are the prime factors of 172049685?
3, 5, 71, 73, 2213
What are the prime factors of 56218481?
11, 197, 25943
List the prime factors of 44309801.
44309801
What are the prime factors of 808413172?
2, 7, 17, 242621
List the prime factors of 2761317751.
191, 14457161
List the prime factors of 1240984440.
2, 3, 5, 37, 151, 617
What are the prime factors of 476730784?
2, 769, 19373
What are the prime factors of 3316958998?
2, 6883, 240953
What are the prime factors of 509915898?
2, 3, 3147629
What are the prime factors of 74063118?
2, 3, 17, 726109
List the prime factors of 413357496.
2, 3, 137, 125717
List the prime factors of 1977949434.
2, 3, 2309, 142771
List the prime factors of 4379336331.
3, 149, 9797173
What are the prime factors of 858505330?
2, 5, 85850533
List the prime factors of 478895208.
2, 3, 11, 97, 18701
What are the prime factors of 183942098?
2, 91971049
What are the prime factors of 2103722070?
2, 3, 5, 70124069
What are the prime factors of 51019420?
2, 5, 2550971
List the prime factors of 468342057.
3, 41, 71, 53629
What are the prime factors of 199222844?
2, 49805711
What are the prime factors of 1132714362?
2, 3, 13, 14521979
What are the prime factors of 1477701308?
2, 2137, 172871
What are the prime factors of 74069447?
31, 1249, 1913
List the prime factors of 123301517.
123301517
What are the prime factors of 54731190?
2, 3, 5, 1824373
What are the prime factors of 13578670?
2, 5, 7, 29, 6689
What are the prime factors of 32787031?
32787031
List the prime factors of 72280263.
3, 11, 2190311
List the prime factors of 7729486182.
2, 3, 11, 331, 39313
List the prime factors of 877438781.
877438781
List the prime factors of 261208461.
3, 87069487
List the prime factors of 84662912.
2, 677, 977
List the prime factors of 195549380.
2, 5, 13, 43, 17491
List the prime factors of 43119.
3, 1597
List the prime factors of 14930286.
2, 3, 7, 355483
What are the prime factors of 86514111?
3, 1823, 5273
What are the prime factors of 59883367?
17, 3522551
List the prime factors of 334728777.
3, 61, 1829119
List the prime factors of 2872373744.
2, 101, 1777459
What are the prime factors of 120882553?
11, 10989323
What are the prime factors of 79545160?
2, 5, 733, 2713
List the prime factors of 34517828.
2, 1861, 4637
List the prime factors of 2538284892.
2, 3, 11, 13, 17, 87011
What are the prime factors of 8582217?
3, 7, 408677
What are the prime factors of 3370564623?
3, 1123521541
List the prime factors of 755437758.
2, 3, 19, 6626647
List the prime factors of 174658313.
6833, 25561
What are the prime factors of 923623385?
5, 1321, 139837
What are the prime factors of 392371304?
2, 13, 3772801
What are the prime factors of 184589825?
5, 7, 17, 62047
List the prime factors of 968441945.
5, 829, 233641
What are the prime factors of 63094202?
2, 31547101
List the prime factors of 640714804.
2, 1283, 124847
List the prime factors of 2127263279.
53, 3947, 10169
What are the prime factors of 62488033?
23, 31, 87641
List the prime factors of 49732753.
7, 659, 10781
List the prime factors of 69784084.
2, 17446021
What are the prime factors of 142328545?
5, 383, 74323
List the prime factors of 684680289.
3, 228226763
List the prime factors of 619087328.
2, 383, 50513
List the prime factors of 447417053.
79, 613, 9239
List the prime factors of 203835515.
5, 13, 19, 165049
What are the prime factors of 1150211104?
2, 7, 31, 23663
List the prime factors of 712697263.
109, 6538507
List the prime factors of 106312310.
2, 5, 13, 817787
What are the prime factors of 26471002?
2, 13235501
What are the prime factors of 128935350?
2, 3, 5, 181, 1583
What are the prime factors of 398467564?
2, 11, 9056081
List the prime factors of 36431501.
36431501
List the prime factors of 614462051.
7, 199, 441107
What are the prime factors of 8150159?
8150159
What are the prime factors of 142688090?
2, 5, 23, 620383
List the prime factors of 16684394.
2, 19, 439063
What are the prime factors of 63514452?
2, 3, 1931, 2741
What are the prime factors of 20083080?
2, 3, 5, 29, 199
What are the prime factors of 4226338593?
3, 31, 223, 22643
What are the prime factors of 103010578?
2, 11, 59, 61, 1301
List the prime factors of 1992291225.
3, 5, 47, 565189
What are the prime factors of 1434091599?
3, 159343511
What are the prime factors of 38491832?
2, 31, 155209
List the prime factors of 218086453.
13, 499, 33619
What are the prime factors of 1175487006?
2, 3, 195914501
What are the prime factors of 1994236488?
2, 3, 3643, 7603
List the prime factors of 54726361.
23, 521, 4567
List the prime factors of 36475528.
2, 4559441
List the prime factors of 4470230048.
2, 139694689
List the prime factors of 210160384.
2, 7, 23, 5099
What are the prime factors of 139356335?
5, 41, 43, 15809
What are the prime factors of 430602939?
3, 13, 1226789
What are the prime factors of 75982396?
2, 7, 2713657
What are the prime factors of 102393297?
3, 53, 97, 2213
What are the prime factors of 80010664?
2, 191, 52363
What are the prime factors of 23901881?
17, 383, 3671
List the prime factors of 87731136.
2, 3, 152311
What are the prime factors of 526028485?
5, 105205697
List the prime factors of 4462701476.
2, 1115675369
List the prime factors of 156617599.
257, 609407
What are the prime factors of 70283387?
37, 97, 19583
List the prime factors of 1127909121.
3, 23, 16346509
List the prime factors of 1744145087.
21491, 81157
List the prime factors of 20552348.
2, 47, 109321
List the prime factors of 234245227.
17, 47, 293173
What are the prime factors of 150585590?
2, 5, 15058559
List the prime factors of 171549995.
5, 61, 562459
What are the prime factors of 185704209?
3, 17, 53, 22901
What are the prime factors of 1013205315?
3, 5, 23, 271, 10837
What are the prime factors of 505293655?
5, 101058731
What are the prime factors of 697618739?
661, 1055399
List the prime factors of 588245417.
7229, 81373
What are the prime factors of 2794217258?
2, 7, 4073203
List the prime factors of 8439711.
3, 7, 57413
What are the prime factors of 6110624202?
2, 3, 1018437367
What are the prime factors of 555227871?
3, 11, 17, 127, 7793
List the prime factors of 209613524.
2, 877, 59753
List the prime factors of 83355644.
2, 53, 393187
List the prime factors of 47841681.
3, 15947227
What are the prime factors of 124441305?
3, 5, 8296087
What are the prime factors of 55212105?
3, 5, 13, 283139
List the prime factors of 390021049.
11, 3571, 9929
What are the prime factors of 981301583?
981301583
List the prime factors of 624901509.
3, 59, 967, 1217
List the prime factors of 60547800.
2, 3, 5, 100913
What are the prime factors of 2220386762?
2, 11, 17, 433, 13711
List the prime factors of 362050902.
2, 3, 641, 31379
What are the prime factors of 917117544?
2, 3, 7, 107, 163, 313
List the prime factors of 150472217.
7, 71, 277, 1093
List the prime factors of 100646912.
2, 6143
What are the prime factors of 87188329?
193, 451753
What are the prime factors of 115784902?
2, 41, 1412011
What are the prime factors of 1539485709?
3, 513161903
List the prime factors of 395759782.
2, 11, 1635371
What are the prime factors of 58684550?
2, 5, 31, 37861
List the prime factors of 1402623722.
2, 701311861
List the prime factors of 207632396.
2, 739, 70241
What are the prime factors of 319145689?
9859, 32371
List the prime factors of 269421286.
2, 71, 26723
List the prime factors of 439908028.
2, 7, 23, 683087
List the prime factors of 914798.
2, 457399
What are the prime factors of 2219382617?
269, 8250493
What are the prime factors of 217566481?
11, 1483, 13337
List the prime factors of 31344839.
3547, 8837
What are the prime factors of 11203379?
11, 1018489
List the prime factors of 12535540.
2, 5, 29, 21613
List the prime factors of 658082541.
3, 359, 611033
List the prime factors of 53998796.
2, 13499699
List the prime factors of 177461747.
101, 107, 16421
List the prime factors of 60430522.
2, 23, 101, 13007
What are the prime factors of 133141485?
3, 5, 8876099
List the prime factors of 2931722009.
69